
12
Let f(u) = -4246*u + 2152714. Give f(507).
-8
Let v(l) = 19986*l - 20018. Calculate v(1).
-32
Let n(s) = -s**2 - 68767*s + 1375736. Calculate n(20).
-4
Let v(o) = -o**3 - 11*o**2 - 4*o + 51. Calculate v(6).
-585
Let n(o) = 121*o - 5831. Determine n(47).
-144
Let n(w) = 42*w**2 + 349*w - 19. Determine n(-11).
1224
Let n(c) = c**3 - 26*c**2 - 13063*c - 89822. Give n(-7).
2
Let q(x) = 3*x**3 - 162*x**2 - 29*x + 451. What is q(54)?
-1115
Let m(x) = -x**3 + 3668*x**2 + 18379*x + 65. Calculate m(-5).
-5
Let k(q) = -5*q**2 + 178*q - 1759. Give k(21).
-226
Let m(n) = -n**2 + 6358*n + 178789. Determine m(-28).
-19
Let s(c) = 3*c**2 + 350752*c - 701514. Calculate s(2).
2
Let t(j) = j**3 + 10*j**2 - 2544*j - 13790. What is t(-53)?
255
Let o(h) = -2*h**3 + 323*h**2 + 523*h - 5563. Give o(163).
-21
Let x(v) = -5*v**3 - 26*v**2 + 360*v + 1202. Determine x(-3).
23
Let b(o) = -26581*o - 877165. Calculate b(-33).
8
Let i(z) = z**2 + 120*z - 12783. Give i(-189).
258
Let x(w) = -25425*w + 4322245. Calculate x(170).
-5
Let l(q) = 814*q + 107. What is l(-1)?
-707
Let m(y) = -12779*y + 2440782. Give m(191).
-7
Let h(w) = 140*w + 2284. Determine h(-16).
44
Let k(w) = 1069*w**2 - 744*w + 741. Determine k(1).
1066
Let u(y) = y**2 + 1094*y - 4567224. Determine u(1659).
3
Let a(h) = 110*h**2 - 6606*h - 95. What is a(60)?
-455
Let h(d) = -d**3 - 521*d**2 + 3174*d - 160. Determine h(6).
-88
Let l(p) = 216738*p - 21023581. Determine l(97).
5
Let a(u) = -47*u**2 + 381*u + 31. Give a(10).
-859
Let t(l) = -5471*l + 10513. Determine t(2).
-429
Let w(h) = 234*h + 28839. Give w(-123).
57
Let o(u) = u**3 + 382*u**2 + 7239*u - 368. Give o(-362).
-6
Let u(g) = -12224*g + 48920. Calculate u(4).
24
Let t(g) = 373*g**3 + 2241*g**2 + 14*g - 11. Calculate t(-6).
13
Let b(k) = 11*k**3 + 1586*k**2 - 1293*k + 1743. Calculate b(-145).
3
Let m(b) = 44*b**3 - 29*b**2 + 27*b + 2. Determine m(1).
44
Let d(r) = 14984*r - 599363. Calculate d(40).
-3
Let x(o) = o**2 - 1307*o + 225986. Calculate x(205).
76
Let h(d) = 2*d**3 - 160*d**2 - 174*d - 12623. What is h(82)?
5
Let i(p) = 232*p**2 - 24590*p - 11. Give i(106).
201
Let g(y) = 15*y**2 - 275*y - 400. Give g(21).
440
Let h(m) = -m**3 + 887*m**2 + 7167*m + 65. Determine h(-8).
9
Let a(y) = 322*y + 59295. Determine a(-190).
-1885
Let r(o) = 412*o - 59987. Determine r(146).
165
Let x(s) = -11*s**3 + 264*s**2 - 883*s + 3986. Calculate x(21).
-4
Let d(r) = r**3 - 665*r**2 + 3305*r - 3296. Calculate d(660).
4
Let b(u) = 219905*u + 1979144. Determine b(-9).
-1
Let d(g) = -3*g**2 - 198*g - 1776. What is d(-13)?
291
Let t(l) = -11*l**3 - 109*l**2 - 5*l - 15. Determine t(-7).
-1548
Let t(z) = z**2 + 8002*z + 836952. Give t(-106).
-24
Let b(g) = -76*g**2 - 965*g + 288. Calculate b(-13).
-11
Let u(a) = -8*a**3 + 255*a**2 - 242*a + 8921. Calculate u(32).
153
Let r(z) = -2*z**3 - 2153*z**2 + 709389*z + 2. What is r(-1341)?
2
Let s(l) = -78*l - 1874. What is s(-24)?
-2
Let c(n) = 20056*n + 2466879. Determine c(-123).
-9
Let s(k) = -2*k**2 - 5453*k - 382636. Calculate s(-72).
-388
Let i(r) = -2*r**3 - r**2 + 157*r - 324. Calculate i(-9).
-360
Let b(h) = -7192*h - 107505. Calculate b(-15).
375
Let q(r) = 388*r**2 - 89*r + 34. Calculate q(2).
1408
Let o(r) = r**3 - 2064*r**2 - 13107*r + 1422098. What is o(2070)?
8
Let b(v) = 14420*v + 144218. What is b(-10)?
18
Let i(t) = t**3 - 20*t**2 + t + 688. What is i(25)?
3838
Let c(i) = 16*i**2 + 2427*i + 2424. Give c(-1).
13
Let i(x) = -4*x**2 - 20790*x + 6434861. Give i(293).
-5
Let d(o) = 45212*o - 587440. Calculate d(13).
316
Let t(p) = 1077*p - 83013. Calculate t(77).
-84
Let a(v) = 14*v**2 + 1056*v + 1665. Determine a(-73).
-817
Let p(y) = y**3 + 24*y**2 + 45*y - 494. Give p(-21).
-116
Let f(o) = 228*o - 20577. Calculate f(91).
171
Let a(k) = -80*k**2 + 15049*k - 1538. What is a(188)?
154
Let j(s) = s**3 + 69*s**2 - 333*s + 247. Determine j(-74).
-2491
Let m(s) = -s**2 - 5454*s - 103312. Give m(-19).
-47
Let x(c) = 417*c + 5916. Determine x(-14).
78
Let q(x) = 2*x**3 + 32*x**2 + 167*x + 264. Determine q(-3).
-3
Let x(k) = -52*k**2 - 167*k + 391. Give x(-5).
-74
Let q(z) = 69*z**2 + 1347*z + 198. What is q(-20)?
858
Let h(i) = 11*i**2 + 1097*i + 8745. Give h(-91).
9
Let x(p) = -8*p**2 + 1356*p - 2704. Calculate x(2).
-24
Let t(c) = c**3 - 27*c**2 + 18*c + 330. Give t(28).
1618
Let w(y) = -3*y**3 + 6*y**2 - 49*y + 32. What is w(5)?
-438
Let o(g) = -896939*g + 3587748. What is o(4)?
-8
Let v(y) = -88*y**2 + 8*y - 42. Determine v(3).
-810
Let g(q) = q**3 - 3*q**2 - 32*q - 173. What is g(-5)?
-213
Let x(w) = -w**3 - 103*w**2 - 846*w + 244. Determine x(-94).
244
Let o(n) = -65*n**3 - 3*n**2 - 151*n - 458. Calculate o(-3).
1723
Let o(q) = 5*q**2 + 131*q - 733. Give o(-34).
593
Let c(v) = -v**3 + 426*v**2 - 45342*v - 397. Determine c(218).
39
Let m(q) = -144539*q - 1445523. Calculate m(-10).
-133
Let z(k) = -3*k**3 - 102*k**2 + 1840*k + 182. What is z(-47)?
-147
Let y(i) = 402*i + 21153. Determine y(-56).
-1359
Let l(s) = -s**2 - 51256*s - 256277. What is l(-5)?
-22
Let l(i) = 3759*i + 383417. What is l(-102)?
-1
Let w(b) = -21856*b + 2644568. What is w(121)?
-8
Let o(z) = 80*z**3 + 39*z**2 - 10*z + 3. Determine o(-1).
-28
Let a(n) = 2*n**3 - 32*n**2 + 109. What is a(15)?
-341
Let d(y) = -3*y**2 + 29996*y - 319. Calculate d(0).
-319
Let g(a) = -a**3 - 24*a**2 + 160*a - 398. Give g(-30).
202
Let b(t) = 1151*t - 8330. Calculate b(7).
-273
Let l(i) = -7*i**3 - 4013*i**2 - 1038*i + 61882. Calculate l(-573).
-2
Let a(i) = 2*i**3 + 32*i**2 - 36*i - 404. Calculate a(-17).
-370
Let h(k) = -48800*k + 146413. Calculate h(3).
13
Let x(a) = 2479*a + 4611. What is x(-2)?
-347
Let p(i) = -15369*i + 522568. Determine p(34).
22
Let c(i) = 79*i**2 - 1449*i + 1810. Determine c(17).
8
Let m(d) = -d**3 + 283*d**2 + 2616*d - 124. Give m(-9).
-16
Let c(b) = 14*b**2 + 410*b + 3719. Give c(-11).
903
Let q(a) = 3*a**2 + 1705*a - 8647. Give q(5).
-47
Let q(z) = 18*z**2 + 1723*z - 4054. Calculate q(-98).
-36
Let t(j) = 703*j + 165214. Calculate t(-235).
9
Let x(j) = -2*j**3 - 26*j**2 - 494*j - 1698. Determine x(-4).
-10
Let q(u) = u**3 - 79*u**2 - 248. Give q(0).
-248
Let d(v) = -14553*v + 683984. Determine d(47).
-7
Let j(l) = -362002*l - 1448022. Determine j(-4).
-14
Let j(q) = -4*q**3 + 614*q**2 + 76*q + 35730. Calculate j(154).
2
Let d(u) = -27*u**2 - 1214*u + 62. Determine d(-45).
17
Let x(y) = -y**3 - 123*y**2 + 2913*y - 850. Determine x(20).
210
Let t(k) = -2048*k + 28436. Calculate t(14).
-236
Let r(i) = 161*i**2 - 1376*i + 2479. Determine r(6).
19
Let t(b) = -587828*b + 1763441. Determine t(3).
-43
Let x(j) = 71167*j - 782833. What is x(11)?
4
Let m(b) = -10*b**3 - 213*b**2 - 67*b + 117. Calculate m(-21).
201
Let j(x) = -17952*x + 1920843. Determine j(107).
-21
Let m(c) = 5*c**3 - 28*c**2 + 34*c + 22. What is m(2)?
18
Let j(n) = 10*n**2 + 1202*n - 12747. Determine j(-130).
-7
Let n(c) = -2*c**3 - 5*c**2 + 169*c + 697. What is n(-4)?
69
Let a(j) = -35165*j + 597834. What is a(17)?
29
Let g(a) = -50*a**2 + 1569*a - 4686. Give g(3).
-429
Let i(j) = -7*j**2 + 612*j - 319. What is i(87)?
-58
Let o(x) = -4*x**3 - x**2 + 33*x + 645. Determine o(7).
-545
Let t(g) = 25*g**2 + g - 141. Determine t(7).
1091
Let n(r) = r**2 + 1807*r + 67301. What is n(-38)?
79
Let b(j) = 1524*j - 42689. Give b(28).
-17
Let f(u) = -3*u**3 - 891*u**2 + 2679*u - 5452. Give f(-300).
848
Let v(x) = -39*x**3 + 156*x**2 + 154*x - 636. Calculate v(4).
-20
Let l(w) = -w**2 - 833*w - 90247. Determine l(-128).
-7
Let j(h) = 1221*h**2 - 26861*h + 9. What is j(22)?
31
Let t(f) = -f**2 + 135479*f - 406456. Determine t(3).
-28
Let o(z) = 4*z**3 + 6*z**2 + 7*z + 40. Calculate o(-3).
-35
Let n(j) = 3*j**3 + 8*j**2 + 588*j + 3563. Calculate n(-6).
-325
Let w(a) = 49*a**2 + 68*a - 803. Determine w(11).
5874
Let h(q) = 47*q**3 + 255*q**2 - 118*q + 247. What is h(-6)?
-17
Let i(t) = 460210*t + 5062330. Determine i(-11).
20
Let q(h) = 5*h**3 + 156*h**2 - 282*h + 492. Give q(-33).
-3
Let y(i) = -i**2 + 82956*i + 414803. Calculate y(-5).
-2
Let p(r) = -4*r**2 - 4351*r - 398642. Calculate p(-101).
5
Let m(v) = v**3 - 82*v**2 - 175*v + 113. What is m(84)?
-475
Let q(h) = h**3 + 54*h**2 + 320*h - 62. Give q(-7).
1
Let w(n) = 363471*n - 363462. Determine w(1).
9
Let y(u) = -u**2 - 329*u - 